{"id":651,"date":"2020-10-31T20:07:02","date_gmt":"2020-10-31T20:07:02","guid":{"rendered":"http:\/\/kirche-in-mayschoss.de\/?page_id=651"},"modified":"2023-10-27T18:22:37","modified_gmt":"2023-10-27T18:22:37","slug":"fleissige-helfer","status":"publish","type":"page","link":"https:\/\/kirche-in-mayschoss.de\/?page_id=651","title":{"rendered":"Flei\u00dfige Helfer"},"content":{"rendered":"\n<p>Neben den Gruppen und Vereinen in unserer Kirchengemeinde gibt es noch viele weitere flei\u00dfige Helfer, die sich um unser Gemeindeleben k\u00fcmmern.<\/p>\n\n\n\n<p>Sie sorgen allj\u00e4hrlich zur Weihnachtszeit f\u00fcr unsere <strong>Weihnachtskrippe und Weihnachtsb\u00e4ume<\/strong>:<br>Leo Baltes<br>Karl Hubert Bertram<br>Fabian Flatau<br>Walter Gies<br>Tim Gilles<br>Charly Laux<br>Eberhard Ley<br>Mario Rigotti<br>Georg Schurse<\/p>\n\n\n\n<p>In regelm\u00e4\u00dfigen Abst\u00e4nden finden in unserem Pfarrsaal <strong>Rosenkranzgebete<\/strong> statt. Diese werden gestaltet von<br>Petra Bertram<br>Hubertus Kunz<\/p>\n\n\n\n<p>Allj\u00e4hrlich zur Fastenzeit finden in unserer Kirche <strong>Kreuzwegandachten<\/strong> statt. Diese werden gestaltet von<br>Petra Bertram<br>Charly Laux<\/p>\n\n\n\n<p>Jedes Jahr am Tag des Heiligen Michaels am 29. September unternehmen wir eine <strong>Lichterprozession zur St. Michaelskapelle<\/strong>. Das Vorbereitungsteam besteht aus<br>Corinna Adams<br>Jens Adams<br>Guido Cramer<br>Ingeborg N\u00e4kel<\/p>\n","protected":false},"excerpt":{"rendered":"<p>Neben den Gruppen und Vereinen in unserer Kirchengemeinde gibt es noch viele weitere flei\u00dfige Helfer, die sich um unser Gemeindeleben k\u00fcmmern. Sie sorgen allj\u00e4hrlich zur Weihnachtszeit f\u00fcr unsere Weihnachtskrippe und Weihnachtsb\u00e4ume:Leo BaltesKarl Hubert BertramFabian FlatauWalter GiesTim GillesCharly LauxEberhard LeyMario RigottiGeorg Schurse In regelm\u00e4\u00dfigen Abst\u00e4nden finden in unserem Pfarrsaal Rosenkranzgebete statt. Diese werden gestaltet vonPetra BertramHubertus Kunz Allj\u00e4hrlich zur Fastenzeit finden in unserer Kirche Kreuzwegandachten statt. Diese werden gestaltet vonPetra BertramCharly Laux Jedes Jahr am Tag des Heiligen Michaels am 29. September unternehmen wir eine Lichterprozession zur St. Michaelskapelle. Das Vorbereitungsteam besteht ausCorinna AdamsJens AdamsGuido CramerIngeborg N\u00e4kel<\/p>\n","protected":false},"author":1,"featured_media":0,"parent":207,"menu_order":0,"comment_status":"closed","ping_status":"closed","template":"page-fullwidth.php","meta":{"footnotes":""},"class_list":["post-651","page","type-page","status-publish","hentry"],"_links":{"self":[{"href":"https:\/\/kirche-in-mayschoss.de\/index.php?rest_route=\/wp\/v2\/pages\/651","targetHints":{"allow":["GET"]}}],"collection":[{"href":"https:\/\/kirche-in-mayschoss.de\/index.php?rest_route=\/wp\/v2\/pages"}],"about":[{"href":"https:\/\/kirche-in-mayschoss.de\/index.php?rest_route=\/wp\/v2\/types\/page"}],"author":[{"embeddable":true,"href":"https:\/\/kirche-in-mayschoss.de\/index.php?rest_route=\/wp\/v2\/users\/1"}],"replies":[{"embeddable":true,"href":"https:\/\/kirche-in-mayschoss.de\/index.php?rest_route=%2Fwp%2Fv2%2Fcomments&post=651"}],"version-history":[{"count":4,"href":"https:\/\/kirche-in-mayschoss.de\/index.php?rest_route=\/wp\/v2\/pages\/651\/revisions"}],"predecessor-version":[{"id":3242,"href":"https:\/\/kirche-in-mayschoss.de\/index.php?rest_route=\/wp\/v2\/pages\/651\/revisions\/3242"}],"up":[{"embeddable":true,"href":"https:\/\/kirche-in-mayschoss.de\/index.php?rest_route=\/wp\/v2\/pages\/207"}],"wp:attachment":[{"href":"https:\/\/kirche-in-mayschoss.de\/index.php?rest_route=%2Fwp%2Fv2%2Fmedia&parent=651"}],"curies":[{"name":"wp","href":"https:\/\/api.w.org\/{rel}","templated":true}]}}