{"id":409,"date":"2020-05-17T16:58:23","date_gmt":"2020-05-17T16:58:23","guid":{"rendered":"http:\/\/kirche-in-mayschoss.de\/?page_id=409"},"modified":"2026-01-03T09:03:24","modified_gmt":"2026-01-03T09:03:24","slug":"pfarrbuero","status":"publish","type":"page","link":"https:\/\/kirche-in-mayschoss.de\/?page_id=409","title":{"rendered":"Pfarrb\u00fcro"},"content":{"rendered":"\n<p class=\"has-normal-font-size\">Die Katholische Kirchengemeinde St. Nikolaus &amp; St. Rochus<br>ist Teil der Pfarrei &#8222;St. Andreas Ahreifel&#8220; im Bistum Trier.<\/p>\n\n\n\n<p class=\"has-normal-font-size\"><strong>Pfarrb\u00fcro Altenahr<\/strong><br>Pfarrsekret\u00e4rinnen Ursula H\u00e4ger &amp; Ria M\u00fcller<br>Markt 3, 53505 Altenahr<br>\u00d6ffnungszeiten: Montag, Dienstag, Donnerstag von 9.00 Uhr bis 11.00 Uhr<br>Telefon: 0 26 43 &#8211; 15 58<br>Telefax: 0 26 43 &#8211; 90 00 17<br>Email: PfarramtAltenahr@t-online.de<\/p>\n\n\n\n<p class=\"has-normal-font-size\"><strong>Pfarrb\u00fcro Ahrbr\u00fcck<\/strong><br>Pfarrsekret\u00e4rin Ursula H\u00e4ger<br>Kesselinger Str. 10, Ahrbr\u00fcck (ehem. Gastst\u00e4tte Leuer)<br>\u00d6ffnungszeiten: Montag von 14.30 Uhr bis 16.30 Uhr<\/p>\n\n\n\n<p class=\"has-normal-font-size\"><strong>Pfarrb\u00fcro Dernau<\/strong><br>Pfarrsekret\u00e4rin Ria M\u00fcller<br>Bachstr. 33, 53507 Dernau<br>\u00d6ffnungszeiten: Dienstag von 14.30 Uhr bis 16.30 Uhr<\/p>\n\n\n\n<p class=\"has-normal-font-size\"><strong>Pfarrsaal der Kirchengemeinde Mayscho\u00df<\/strong><br>Reservierung bitte \u00fcber Petra Bertram, Mayscho\u00df<\/p>\n","protected":false},"excerpt":{"rendered":"<p>Die Katholische Kirchengemeinde St. Nikolaus &amp; St. Rochusist Teil der Pfarrei &#8222;St. Andreas Ahreifel&#8220; im Bistum Trier. Pfarrb\u00fcro AltenahrPfarrsekret\u00e4rinnen Ursula H\u00e4ger &amp; Ria M\u00fcllerMarkt 3, 53505 Altenahr\u00d6ffnungszeiten: Montag, Dienstag, Donnerstag von 9.00 Uhr bis 11.00 UhrTelefon: 0 26 43 &#8211; 15 58Telefax: 0 26 43 &#8211; 90 00 17Email: PfarramtAltenahr@t-online.de Pfarrb\u00fcro Ahrbr\u00fcckPfarrsekret\u00e4rin Ursula H\u00e4gerKesselinger Str. 10, Ahrbr\u00fcck (ehem. Gastst\u00e4tte Leuer)\u00d6ffnungszeiten: Montag von 14.30 Uhr bis 16.30 Uhr Pfarrb\u00fcro DernauPfarrsekret\u00e4rin Ria M\u00fcllerBachstr. 33, 53507 Dernau\u00d6ffnungszeiten: Dienstag von 14.30 Uhr bis 16.30 Uhr Pfarrsaal der Kirchengemeinde Mayscho\u00dfReservierung bitte \u00fcber Petra Bertram, Mayscho\u00df<\/p>\n","protected":false},"author":1,"featured_media":0,"parent":48,"menu_order":0,"comment_status":"closed","ping_status":"closed","template":"page-fullwidth.php","meta":{"footnotes":""},"class_list":["post-409","page","type-page","status-publish","hentry"],"_links":{"self":[{"href":"https:\/\/kirche-in-mayschoss.de\/index.php?rest_route=\/wp\/v2\/pages\/409","targetHints":{"allow":["GET"]}}],"collection":[{"href":"https:\/\/kirche-in-mayschoss.de\/index.php?rest_route=\/wp\/v2\/pages"}],"about":[{"href":"https:\/\/kirche-in-mayschoss.de\/index.php?rest_route=\/wp\/v2\/types\/page"}],"author":[{"embeddable":true,"href":"https:\/\/kirche-in-mayschoss.de\/index.php?rest_route=\/wp\/v2\/users\/1"}],"replies":[{"embeddable":true,"href":"https:\/\/kirche-in-mayschoss.de\/index.php?rest_route=%2Fwp%2Fv2%2Fcomments&post=409"}],"version-history":[{"count":15,"href":"https:\/\/kirche-in-mayschoss.de\/index.php?rest_route=\/wp\/v2\/pages\/409\/revisions"}],"predecessor-version":[{"id":5340,"href":"https:\/\/kirche-in-mayschoss.de\/index.php?rest_route=\/wp\/v2\/pages\/409\/revisions\/5340"}],"up":[{"embeddable":true,"href":"https:\/\/kirche-in-mayschoss.de\/index.php?rest_route=\/wp\/v2\/pages\/48"}],"wp:attachment":[{"href":"https:\/\/kirche-in-mayschoss.de\/index.php?rest_route=%2Fwp%2Fv2%2Fmedia&parent=409"}],"curies":[{"name":"wp","href":"https:\/\/api.w.org\/{rel}","templated":true}]}}