{"id":3738,"date":"2024-05-18T10:10:59","date_gmt":"2024-05-18T10:10:59","guid":{"rendered":"https:\/\/kirche-in-mayschoss.de\/?page_id=3738"},"modified":"2026-08-30T04:57:24","modified_gmt":"2026-08-30T04:57:24","slug":"das-sonntagsevangelium","status":"publish","type":"page","link":"https:\/\/kirche-in-mayschoss.de\/?page_id=3738","title":{"rendered":"Das Sonntagsevangelium"},"content":{"rendered":"<div class=\"wp-block-image\">\n<figure class=\"aligncenter size-large is-resized\"><img loading=\"lazy\" decoding=\"async\" width=\"1024\" height=\"573\" src=\"http:\/\/kirche-in-mayschoss.de\/wp-content\/uploads\/2021\/01\/bible-2397826_1920-1024x573.png\" alt=\"\" class=\"wp-image-1007\" style=\"width:392px;height:auto\" srcset=\"https:\/\/kirche-in-mayschoss.de\/wp-content\/uploads\/2021\/01\/bible-2397826_1920-1024x573.png 1024w, https:\/\/kirche-in-mayschoss.de\/wp-content\/uploads\/2021\/01\/bible-2397826_1920-300x168.png 300w, https:\/\/kirche-in-mayschoss.de\/wp-content\/uploads\/2021\/01\/bible-2397826_1920-768x430.png 768w, https:\/\/kirche-in-mayschoss.de\/wp-content\/uploads\/2021\/01\/bible-2397826_1920-1536x859.png 1536w, https:\/\/kirche-in-mayschoss.de\/wp-content\/uploads\/2021\/01\/bible-2397826_1920.png 1920w\" sizes=\"auto, (max-width: 1024px) 100vw, 1024px\" \/><\/figure>\n<\/div>\n\n\n<p class=\"has-large-font-size wp-block-paragraph\"><strong>Sonntag, <\/strong><strong>30.08<\/strong><strong>.2026<\/strong><\/p>\n\n\n\n<p class=\"has-normal-font-size wp-block-paragraph\"><strong>22. Sonntag im Jahreskreis<\/strong><\/p>\n\n\n\n<p class=\"has-normal-font-size wp-block-paragraph\"><strong>1. Lesung: Jer 20,7\u20139<\/strong><br>Du hast mich bet\u00f6rt, o HERR, und ich lie\u00df mich bet\u00f6ren; du hast mich gepackt und \u00fcberw\u00e4ltigt. Zum Gesp\u00f6tt bin ich geworden den ganzen Tag, ein jeder verh\u00f6hnt mich. Ja, sooft ich rede, muss ich schreien, \u201eGewalt und Unterdr\u00fcckung\u201c muss ich rufen. Denn das Wort des HERRN bringt mir den ganzen Tag nur Hohn und Spott.<\/p>\n\n\n\n<p class=\"has-normal-font-size wp-block-paragraph\">Sagte ich aber: Ich will nicht mehr an ihn denken und nicht mehr in seinem Namen sprechen!, so brannte in meinem Herzen ein Feuer, eingeschlossen in meinen Gebeinen. Ich m\u00fchte mich, es auszuhalten, vermochte es aber nicht.<\/p>\n\n\n\n<p class=\"has-normal-font-size wp-block-paragraph\"><strong>2. Lesung: R\u00f6m 12,1\u20132<\/strong><br>Ich ermahne euch, Schwestern und Br\u00fcder, kraft der Barmherzigkeit Gottes, eure Leiber als lebendiges, heiliges und Gott wohlgef\u00e4lliges Opfer darzubringen \u2013 als euren geistigen Gottesdienst.<\/p>\n\n\n\n<p class=\"has-normal-font-size wp-block-paragraph\">Und gleicht euch nicht dieser Welt an, sondern lasst euch verwandeln durch die Erneuerung des Denkens, damit ihr pr\u00fcfen und erkennen k\u00f6nnt, was der Wille Gottes ist: das Gute, Wohlgef\u00e4llige und Vollkommene!<\/p>\n\n\n\n<p class=\"has-normal-font-size wp-block-paragraph\"><strong>Evangelium: Mt 16,21\u201327<\/strong><br>In jener Zeit begann Jesus, seinen J\u00fcngern zu erkl\u00e4ren: Er m\u00fcsse nach Jerusalem gehen und von den \u00c4ltesten und Hohepriestern und Schriftgelehrten vieles erleiden, get\u00f6tet und am dritten Tag auferweckt werden.<\/p>\n\n\n\n<p class=\"has-normal-font-size wp-block-paragraph\">Da nahm ihn Petrus beiseite und begann, ihn zurechtzuweisen, und sagte: Das soll Gott verh\u00fcten, Herr! Das darf nicht mit dir geschehen!<\/p>\n\n\n\n<p class=\"has-normal-font-size wp-block-paragraph\">Jesus aber wandte sich um und sagte zu Petrus: Tritt hinter mich, du Satan! Ein \u00c4rgernis bist du mir, denn du hast nicht das im Sinn, was Gott will, sondern was die Menschen wollen.<\/p>\n\n\n\n<p class=\"has-normal-font-size wp-block-paragraph\">Darauf sagte Jesus zu seinen J\u00fcngern: Wenn einer hinter mir hergehen will, verleugne er sich selbst, nehme sein Kreuz auf sich und folge mir nach. Denn wer sein Leben retten will, wird es verlieren; wer aber sein Leben um meinetwillen verliert, wird es finden.<\/p>\n\n\n\n<p class=\"has-normal-font-size wp-block-paragraph\">Was n\u00fctzt es einem Menschen, wenn er die ganze Welt gewinnt, dabei aber sein Leben einb\u00fc\u00dft? Um welchen Preis kann ein Mensch sein Leben zur\u00fcckkaufen?<\/p>\n\n\n\n<p class=\"has-normal-font-size wp-block-paragraph\">Der Menschensohn wird mit seinen Engeln in der Herrlichkeit seines Vaters kommen und dann wird er jedem nach seinen Taten vergelten.<\/p>\n\n\n\n<p class=\"wp-block-paragraph\">.<\/p>\n\n\n\n<p class=\"has-large-font-size wp-block-paragraph\"><strong>Impuls zum Evangelium<\/strong><\/p>\n\n\n\n<p class=\"has-normal-font-size wp-block-paragraph\"><strong>Feuer der Liebe<\/strong><\/p>\n\n\n\n<p class=\"has-normal-font-size wp-block-paragraph\">Auf Gott hat er gesetzt,<br>und jetzt steht er da mit seiner Hoffnung:<br>alles dahin!<br>Das Leid, es bleibt der Fels des Atheismus.<\/p>\n\n\n\n<p class=\"has-normal-font-size wp-block-paragraph\">Hohn und Spott der Leute,<br>denen er zur Rettung,<br>zum Neubeginn verhelfen sollte,<br>sind Jeremias Botenlohn.<\/p>\n\n\n\n<p class=\"has-normal-font-size wp-block-paragraph\">Doch der Prophet, der keiner mehr sein will,<br>kann Gott nicht einfach vergessen.<br>Sucht er zu vergessen, zu verdr\u00e4ngen,<br>so brennt es in seinem Herzen wie Feuer.<\/p>\n\n\n\n<p class=\"has-normal-font-size wp-block-paragraph\">Wie das Feuer der Liebe Gottes zu Jeremia,<br>einem Menschen,<br>dem Gott<br>die Menschen anvertraut.<\/p>\n\n\n\n<p class=\"has-small-font-size wp-block-paragraph\">Dorothee Sandherr-Klemp (zu Jer 20,7-9)<br>aus: Magnificat. Das Stundenbuch 08\/2026, Verlag Butzon &amp; Bercker, Kevelaer; In: Pfarrbriefservice.de<\/p>\n\n\n\n<p class=\"wp-block-paragraph\">.<\/p>\n\n\n\n<p class=\"has-large-font-size wp-block-paragraph\"><strong>Gebetsanliegen des Papstes im August 2026<\/strong><\/p>\n\n\n\n<p class=\"has-normal-font-size wp-block-paragraph\">Wir beten, dass es uns gelingt, in den gro\u00dfen St\u00e4dten, die oft durch Anonymit\u00e4t und Einsamkeit gekennzeichnet sind, neue Formen zu finden, das Evangelium zu verk\u00fcnden und kreative Wege zur Gemeinschaftsbildung zu entdecken.<\/p>\n\n\n\n<p class=\"wp-block-paragraph\">.<\/p>\n\n\n\n<p class=\"has-large-font-size wp-block-paragraph\"><strong>Gebetsanliegen des Bischofs von Trier <\/strong><br><strong>Stephan Ackermann im August 2026<\/strong><\/p>\n\n\n\n<p class=\"has-normal-font-size wp-block-paragraph\">Wir beten f\u00fcr die Soldatinnen und Soldaten im Einsatz f\u00fcr Frieden und Sicherheit in Europa und f\u00fcr alle, die mit Sorge auf die Bedrohung durch autorit\u00e4re Regime blicken.<\/p>\n\n\n\n<p class=\"has-normal-font-size wp-block-paragraph\">Wir beten f\u00fcr die Kinder, die in diesen Wochen ein neues Schuljahr beginnen oder zum ersten Mal zur Schule gehen.<\/p>\n","protected":false},"excerpt":{"rendered":"<p>Sonntag, 30.08.2026 22. Sonntag im Jahreskreis 1. Lesung: Jer 20,7\u20139Du hast mich bet\u00f6rt, o HERR, und ich lie\u00df mich bet\u00f6ren; du hast mich gepackt und \u00fcberw\u00e4ltigt. Zum Gesp\u00f6tt bin ich geworden den ganzen Tag, ein jeder verh\u00f6hnt mich. Ja, sooft ich rede, muss ich schreien, \u201eGewalt und Unterdr\u00fcckung\u201c muss ich rufen. Denn das Wort des HERRN bringt mir den ganzen Tag nur Hohn und Spott. Sagte ich aber: Ich will nicht mehr an ihn denken und nicht mehr in seinem Namen sprechen!, so brannte in meinem Herzen ein Feuer, eingeschlossen in meinen Gebeinen. Ich m\u00fchte mich, es auszuhalten, vermochte es aber nicht. 2. Lesung: R\u00f6m 12,1\u20132Ich ermahne euch, Schwestern und Br\u00fcder, kraft der Barmherzigkeit Gottes, <a class=\"more-link\" href=\"https:\/\/kirche-in-mayschoss.de\/?page_id=3738\"><span class=\"screen-reader-text\">  Das Sonntagsevangelium<\/span> weiterlesen<span class=\"meta-nav\">&rarr;<\/span><\/a><\/p>\n","protected":false},"author":1,"featured_media":0,"parent":405,"menu_order":0,"comment_status":"closed","ping_status":"closed","template":"","meta":{"footnotes":""},"class_list":["post-3738","page","type-page","status-publish","hentry"],"_links":{"self":[{"href":"https:\/\/kirche-in-mayschoss.de\/index.php?rest_route=\/wp\/v2\/pages\/3738","targetHints":{"allow":["GET"]}}],"collection":[{"href":"https:\/\/kirche-in-mayschoss.de\/index.php?rest_route=\/wp\/v2\/pages"}],"about":[{"href":"https:\/\/kirche-in-mayschoss.de\/index.php?rest_route=\/wp\/v2\/types\/page"}],"author":[{"embeddable":true,"href":"https:\/\/kirche-in-mayschoss.de\/index.php?rest_route=\/wp\/v2\/users\/1"}],"replies":[{"embeddable":true,"href":"https:\/\/kirche-in-mayschoss.de\/index.php?rest_route=%2Fwp%2Fv2%2Fcomments&post=3738"}],"version-history":[{"count":186,"href":"https:\/\/kirche-in-mayschoss.de\/index.php?rest_route=\/wp\/v2\/pages\/3738\/revisions"}],"predecessor-version":[{"id":5964,"href":"https:\/\/kirche-in-mayschoss.de\/index.php?rest_route=\/wp\/v2\/pages\/3738\/revisions\/5964"}],"up":[{"embeddable":true,"href":"https:\/\/kirche-in-mayschoss.de\/index.php?rest_route=\/wp\/v2\/pages\/405"}],"wp:attachment":[{"href":"https:\/\/kirche-in-mayschoss.de\/index.php?rest_route=%2Fwp%2Fv2%2Fmedia&parent=3738"}],"curies":[{"name":"wp","href":"https:\/\/api.w.org\/{rel}","templated":true}]}}

<div class="wp-block-image">
<figure class="aligncenter size-large is-resized"><img loading="lazy" decoding="async" width="1024" height="573" src="http://kirche-in-mayschoss.de/wp-content/uploads/2021/01/bible-2397826_1920-1024x573.png" alt="" class="wp-image-1007" style="width:392px;height:auto" srcset="https://kirche-in-mayschoss.de/wp-content/uploads/2021/01/bible-2397826_1920-1024x573.png 1024w, https://kirche-in-mayschoss.de/wp-content/uploads/2021/01/bible-2397826_1920-300x168.png 300w, https://kirche-in-mayschoss.de/wp-content/uploads/2021/01/bible-2397826_1920-768x430.png 768w, https://kirche-in-mayschoss.de/wp-content/uploads/2021/01/bible-2397826_1920-1536x859.png 1536w, https://kirche-in-mayschoss.de/wp-content/uploads/2021/01/bible-2397826_1920.png 1920w" sizes="auto, (max-width: 1024px) 100vw, 1024px" /></figure>
</div>


<p class="has-large-font-size wp-block-paragraph"><strong>Sonntag, </strong><strong>30.08</strong><strong>.2026</strong></p>



<p class="has-normal-font-size wp-block-paragraph"><strong>22. Sonntag im Jahreskreis</strong></p>



<p class="has-normal-font-size wp-block-paragraph"><strong>1. Lesung: Jer 20,7–9</strong><br>Du hast mich betört, o HERR, und ich ließ mich betören; du hast mich gepackt und überwältigt. Zum Gespött bin ich geworden den ganzen Tag, ein jeder verhöhnt mich. Ja, sooft ich rede, muss ich schreien, „Gewalt und Unterdrückung“ muss ich rufen. Denn das Wort des HERRN bringt mir den ganzen Tag nur Hohn und Spott.</p>



<p class="has-normal-font-size wp-block-paragraph">Sagte ich aber: Ich will nicht mehr an ihn denken und nicht mehr in seinem Namen sprechen!, so brannte in meinem Herzen ein Feuer, eingeschlossen in meinen Gebeinen. Ich mühte mich, es auszuhalten, vermochte es aber nicht.</p>



<p class="has-normal-font-size wp-block-paragraph"><strong>2. Lesung: Röm 12,1–2</strong><br>Ich ermahne euch, Schwestern und Brüder, kraft der Barmherzigkeit Gottes, eure Leiber als lebendiges, heiliges und Gott wohlgefälliges Opfer darzubringen – als euren geistigen Gottesdienst.</p>



<p class="has-normal-font-size wp-block-paragraph">Und gleicht euch nicht dieser Welt an, sondern lasst euch verwandeln durch die Erneuerung des Denkens, damit ihr prüfen und erkennen könnt, was der Wille Gottes ist: das Gute, Wohlgefällige und Vollkommene!</p>



<p class="has-normal-font-size wp-block-paragraph"><strong>Evangelium: Mt 16,21–27</strong><br>In jener Zeit begann Jesus, seinen Jüngern zu erklären: Er müsse nach Jerusalem gehen und von den Ältesten und Hohepriestern und Schriftgelehrten vieles erleiden, getötet und am dritten Tag auferweckt werden.</p>



<p class="has-normal-font-size wp-block-paragraph">Da nahm ihn Petrus beiseite und begann, ihn zurechtzuweisen, und sagte: Das soll Gott verhüten, Herr! Das darf nicht mit dir geschehen!</p>



<p class="has-normal-font-size wp-block-paragraph">Jesus aber wandte sich um und sagte zu Petrus: Tritt hinter mich, du Satan! Ein Ärgernis bist du mir, denn du hast nicht das im Sinn, was Gott will, sondern was die Menschen wollen.</p>



<p class="has-normal-font-size wp-block-paragraph">Darauf sagte Jesus zu seinen Jüngern: Wenn einer hinter mir hergehen will, verleugne er sich selbst, nehme sein Kreuz auf sich und folge mir nach. Denn wer sein Leben retten will, wird es verlieren; wer aber sein Leben um meinetwillen verliert, wird es finden.</p>



<p class="has-normal-font-size wp-block-paragraph">Was nützt es einem Menschen, wenn er die ganze Welt gewinnt, dabei aber sein Leben einbüßt? Um welchen Preis kann ein Mensch sein Leben zurückkaufen?</p>



<p class="has-normal-font-size wp-block-paragraph">Der Menschensohn wird mit seinen Engeln in der Herrlichkeit seines Vaters kommen und dann wird er jedem nach seinen Taten vergelten.</p>



<p class="wp-block-paragraph">.</p>



<p class="has-large-font-size wp-block-paragraph"><strong>Impuls zum Evangelium</strong></p>



<p class="has-normal-font-size wp-block-paragraph"><strong>Feuer der Liebe</strong></p>



<p class="has-normal-font-size wp-block-paragraph">Auf Gott hat er gesetzt,<br>und jetzt steht er da mit seiner Hoffnung:<br>alles dahin!<br>Das Leid, es bleibt der Fels des Atheismus.</p>



<p class="has-normal-font-size wp-block-paragraph">Hohn und Spott der Leute,<br>denen er zur Rettung,<br>zum Neubeginn verhelfen sollte,<br>sind Jeremias Botenlohn.</p>



<p class="has-normal-font-size wp-block-paragraph">Doch der Prophet, der keiner mehr sein will,<br>kann Gott nicht einfach vergessen.<br>Sucht er zu vergessen, zu verdrängen,<br>so brennt es in seinem Herzen wie Feuer.</p>



<p class="has-normal-font-size wp-block-paragraph">Wie das Feuer der Liebe Gottes zu Jeremia,<br>einem Menschen,<br>dem Gott<br>die Menschen anvertraut.</p>



<p class="has-small-font-size wp-block-paragraph">Dorothee Sandherr-Klemp (zu Jer 20,7-9)<br>aus: Magnificat. Das Stundenbuch 08/2026, Verlag Butzon &amp; Bercker, Kevelaer; In: Pfarrbriefservice.de</p>



<p class="wp-block-paragraph">.</p>



<p class="has-large-font-size wp-block-paragraph"><strong>Gebetsanliegen des Papstes im August 2026</strong></p>



<p class="has-normal-font-size wp-block-paragraph">Wir beten, dass es uns gelingt, in den großen Städten, die oft durch Anonymität und Einsamkeit gekennzeichnet sind, neue Formen zu finden, das Evangelium zu verkünden und kreative Wege zur Gemeinschaftsbildung zu entdecken.</p>



<p class="wp-block-paragraph">.</p>



<p class="has-large-font-size wp-block-paragraph"><strong>Gebetsanliegen des Bischofs von Trier </strong><br><strong>Stephan Ackermann im August 2026</strong></p>



<p class="has-normal-font-size wp-block-paragraph">Wir beten für die Soldatinnen und Soldaten im Einsatz für Frieden und Sicherheit in Europa und für alle, die mit Sorge auf die Bedrohung durch autoritäre Regime blicken.</p>



<p class="has-normal-font-size wp-block-paragraph">Wir beten für die Kinder, die in diesen Wochen ein neues Schuljahr beginnen oder zum ersten Mal zur Schule gehen.</p>

<p>Sonntag, 30.08.2026 22. Sonntag im Jahreskreis 1. Lesung: Jer 20,7–9Du hast mich betört, o HERR, und ich ließ mich betören; du hast mich gepackt und überwältigt. Zum Gespött bin ich geworden den ganzen Tag, ein jeder verhöhnt mich. Ja, sooft ich rede, muss ich schreien, „Gewalt und Unterdrückung“ muss ich rufen. Denn das Wort des HERRN bringt mir den ganzen Tag nur Hohn und Spott. Sagte ich aber: Ich will nicht mehr an ihn denken und nicht mehr in seinem Namen sprechen!, so brannte in meinem Herzen ein Feuer, eingeschlossen in meinen Gebeinen. Ich mühte mich, es auszuhalten, vermochte es aber nicht. 2. Lesung: Röm 12,1–2Ich ermahne euch, Schwestern und Brüder, kraft der Barmherzigkeit Gottes, <a class="more-link" href="https://kirche-in-mayschoss.de/?page_id=3738"><span class="screen-reader-text">  Das Sonntagsevangelium</span> weiterlesen<span class="meta-nav">&rarr;</span></a></p>
